{"id":116,"date":"2014-11-05T15:02:41","date_gmt":"2014-11-05T13:02:41","guid":{"rendered":"http:\/\/www.arch.uth.gr\/escapelab\/?page_id=116"},"modified":"2014-11-10T22:44:13","modified_gmt":"2014-11-10T20:44:13","slug":"conferences","status":"publish","type":"page","link":"https:\/\/lecad.arch.uth.gr\/escapelab\/?page_id=116","title":{"rendered":"Conferences"},"content":{"rendered":"<ul>\n<li>International conference on the Philosophy of Computer Games, Athens, 2011<\/li>\n<li>\u201cEspacios Sonoros y Audiovisuales.\u00a0 Creaci\u00f3n, Representaci\u00f3n y Dise\u00f1o\u201d, Universidad Aut\u00f3noma de Madrid (UAM)<\/li>\n<li>Avanca &#8211; International Conference Cinema &#8211; Art, Technology, Communication<\/li>\n<li>City and Port, Malaga<\/li>\n<li>International Biennial Conference: Hybrid City 2013, Subtle rEvolutions, University Research Institute of Applied Communication, Athens 2013<\/li>\n<li>International Symposium &#8220;<em>Multimedia Database<\/em> as Narrative Mechanisms&#8221;, <em>Volos, 2013<\/em><\/li>\n<li>ISEA Conference 2011, Istanbul<\/li>\n<li>EURAU 12 Public Space and Contemporary City<br \/>\nEuropean Symposium on Research in Architecture and Urban Design, Porto<\/li>\n<li>Eurau 14, Composit Cities<br \/>\nEuropean Symposium on Research in Architecture and Urban Design, Istanbul<\/li>\n<\/ul>\n<p>&nbsp;<\/p>\n","protected":false},"excerpt":{"rendered":"<p>International conference on the Philosophy of Computer Games, Athens, 2011 \u201cEspacios Sonoros y Audiovisuales.\u00a0 Creaci\u00f3n, Representaci\u00f3n y Dise\u00f1o\u201d, Universidad Aut\u00f3noma de Madrid (UAM) Avanca &#8211; International Conference Cinema&#8230;<\/p>\n","protected":false},"author":4,"featured_media":0,"parent":0,"menu_order":0,"comment_status":"closed","ping_status":"closed","template":"","meta":[],"_links":{"self":[{"href":"https:\/\/lecad.arch.uth.gr\/escapelab\/index.php?rest_route=\/wp\/v2\/pages\/116"}],"collection":[{"href":"https:\/\/lecad.arch.uth.gr\/escapelab\/index.php?rest_route=\/wp\/v2\/pages"}],"about":[{"href":"https:\/\/lecad.arch.uth.gr\/escapelab\/index.php?rest_route=\/wp\/v2\/types\/page"}],"author":[{"embeddable":true,"href":"https:\/\/lecad.arch.uth.gr\/escapelab\/index.php?rest_route=\/wp\/v2\/users\/4"}],"replies":[{"embeddable":true,"href":"https:\/\/lecad.arch.uth.gr\/escapelab\/index.php?rest_route=%2Fwp%2Fv2%2Fcomments&post=116"}],"version-history":[{"count":5,"href":"https:\/\/lecad.arch.uth.gr\/escapelab\/index.php?rest_route=\/wp\/v2\/pages\/116\/revisions"}],"predecessor-version":[{"id":134,"href":"https:\/\/lecad.arch.uth.gr\/escapelab\/index.php?rest_route=\/wp\/v2\/pages\/116\/revisions\/134"}],"wp:attachment":[{"href":"https:\/\/lecad.arch.uth.gr\/escapelab\/index.php?rest_route=%2Fwp%2Fv2%2Fmedia&parent=116"}],"curies":[{"name":"wp","href":"https:\/\/api.w.org\/{rel}","templated":true}]}}